5 - 0 - 3)?
4
-3 + (-1 - -4) + -6 + 2
-4
Evaluate -2 + 0 - -4 - 8.
-6
What is the value of (4 - -8) + 24 + -28?
8
2 + -1 + (5 + 0 - 3)
3
Calculate (8 - 12) + 10 - (0 - -6).
0
2 + (29 + -33 - (0 + -1))
-1
Calculate (-13 + 6 - -13 - 3) + -3.
0
(0 - -2) + -9 + (-1 - -7)
-1
(-1 - -8) + (-18 - -5) + 6
0
What is the value of (2 - -2) + -1 + (-20 - -15)?
-2
Calculate -3 + (1 - (-1 - -2)).
-3
Evaluate (9 + -13 - 1) + 5 + 0.
0
Calculate 9 + -3 + (-6 - -7 - 0).
7
Calculate (3 + -1 - (-6 + 2)) + 1.
7
What is the value of (-4 - -7) + 1 + -7?
-3
Calculate -20 - -22 - (-7 + 0).
9
What is the value of 4 + (-1 - -5) + -1 - 17?
-10
What is 0 - (0 + 2) - (-23 + 18)?
3
(7 + -4 - -3) + -7
-1
What is the value of (-19 - -12) + (-8 - -6)?
-9
What is the value of 4 + -2 + 1 + -3 + 0?
0
Evaluate 1 + 6 + -7 + (-1 - -4).
3
Calculate -13 + 3 + 7 - 5.
-8
Evaluate 3 - (5 + (4 - 7)).
1
0 + 0 + 6 + -3
3
What is the value of (5 - 2) + -5 - -5 - -5?
8
What is -1 - 0 - (9 + (2 - 18))?
6
Calculate -2 + 13 - 9 - (-4 + 0).
6
(0 + 1 - -3) + (21 - 22)
3
Evaluate (20 + -16 - (10 - 2)) + 3.
-1
Evaluate (1 - 6) + (6 - 0).
1
0 + -3 + (-15 - -14)
-4
(1 + -2 - -5) + -5
-1
What is the value of -2 + 0 + -17 + 19?
0
6 + -1 - (-4 + 0 - 0)
9
What is the value of 3 - 0 - (-4 + 4)?
3
0 + (0 - -1) - (-1 + 6)
-4
Evaluate -6 + (10 + 4 - 8).
0
Evaluate 3 + (-8 - -5) + 3 - -4.
7
Calculate 8 - (8 + (1 - 1)).
0
Calculate -18 - -18 - (-2 + -2).
4
-3 - (-1 + 6 + -7)
-1
What is the value of (-118 - -126) + -7 + 1?
2
What is the value of -7 - ((-1 - 6) + 5)?
-5
(16 - (0 - (0 + -5))) + -6
5
9 - 1 - (-40 - -53)
-5
Calculate -20 - -17 - (10 - 17).
4
What is -7 - -1 - (13 + -15 + 3)?
-7
4 - (-5 + (11 - 6))
4
What is -1 + 5 + (5 - -2 - 5)?
6
What is the value of (-11 - (-1 - 3)) + 3?
-4
Calculate -2 + -1 - (14 - 12) - 2.
-7
What is the value of 1 + (-7 - -3) - 0?
-3
What is the value of -14 - (1 + -8 + 1)?
-8
0 - (0 + -5) - (38 - 38)
5
What is the value of (-2 - 4) + -1 + 10?
3
Calculate -47 + 35 + (2 - -5).
-5
What is the value of 21 + -18 + (-2 - -8)?
9
Evaluate 16 + -11 + -3 + -1.
1
What is (-2 - (0 + 0)) + 9?
7
2 + (-4 - -3) + -3
-2
What is the value of -23 + 29 - (2 - (0 + -2))?
2
7 + -9 + 7 - 12
-7
Evaluate 7 - 3 - ((4 - -2) + -3).
1
What is (5 - (5 + 0)) + -4?
-4
What is the value of (2 - (-4 + 4 + -2)) + -5?
-1
What is -1 - ((0 - 3) + 2 + 3)?
-3
Calculate -2 + -3 - (-11 + 1).
5
Evaluate -5 + (-1 - -3 - (0 - 2)).
-1
What is -5 + (6 - (-2 + 1) - 8)?
-6
What is 9 + -10 + 4 + -3?
0
What is the value of 0 - -4 - (-11 + 14) - -4?
5
Evaluate (0 - -3 - 4) + 1 + -2.
-2
What is the value of (-1 - (-2 - -1)) + -4?
-4
Calculate -5 + 4 + 5 + -12 + 4.
-4
Calculate (0 - -3) + (-29 - -21).
-5
Calculate (0 + 4 - 10) + (8 - 7).
-5
Evaluate 0 - (5 - (2 - (-3 + 3))).
-3
What is 0 + -10 + (3 - -6)?
-1
What is (-3 - -3) + -1 + -10 + 6?
-5
95 + -90 - ((0 - 0) + 1)
4
What is 3 - (8 - (0 - 2))?
-7
Calculate -1 + 3 - (38 - 37).
1
(-2 - 7) + -1 + 13
3
Evaluate 5 - (1 - 1) - (0 + 1).
4
Evaluate 3 - 2 - -2 - (-7 - -4).
6
What is 13 - (-1 + 12 + (18 - 24))?
8
Calculate 3 - (-6 - (-14 + 13)).
8
What is 1 + 4 - (4 - (-3 + 6))?
4
What is the value of 4 - -2 - (0 + 5)?
1
What is -9 + (-8 - -15) + (1 - -5)?
4
-2 + 3 - (1 - -3)
-3
Evaluate -2 - 2 - (4 - (-7 - -10)).
-5
Calculate (-2 - (-1 - 1) - -1) + 3.
4
What is -6 - (32 + -37 - (7 - 0))?
6
What is the value of 19 - (-9 - -21) - 9?
-2
What is (2 + -3 - (0 + 3)) + 3?
-1
Calculate 2 + 4 + -12 + 3.
-3
What is 4 + -7 + (9 - 5)?
1
Calculate -1 - (-5 - -1) - (-1 + 1).
3
What is the value of -7 + -1 - -5 - -2 - -5?
4
What is -13 + -7 + 8 + 7?
-5
What is 2 + 0 + -13 + 7?
-4
7 - (11 + -7) - 6
-3
11 + (4 - 12 - 0)
3
(3 + -8 + 5 - 5) + -1
-6
Calculate (19 - 14) + (-4 - (-5 - -5)).
1
-1 + -1 + (-17 - -13) - 0
-6
Calculate -18 - -9 - (5 - 9).
-5
Evaluate 0 - (-7 + 1 + 0).
6
What is -2 + (3 + -3 - -8) + -1?
5
What is 1 + 1 + -5 - (-5 + 4)?
-2
-2 + 7 + -8 - 2
-5
Calculate -2 + -3 + 7 - (4 + -4).
2
Evaluate -7 - (1 - (3 - -4)).
-1
What is 1 + (1 - 8 - 0)?
-6
What is -2 + (-4 + 5 - -4) + -3?
0
(2 - (4 + -6)) + 1 + -6
-1
Calculate -8 - -20 - 5 - (17 + -2).
-8
What is -2 + -4 + -3 + 6?
-3
What is 0 + -14 + 5 + 4?
-5
10 + (7 - 14) - -5
8
8 + (1 - -3 - 12)
0
What is the value of 17 - 30 - -19 - (2 - -4)?
0
What is the value of -3 + 4 + -8 - -3 - -9?
5
What is (1 - (3 - 2)) + (-14 - -9)?
-5
(0 - 5) + (8 - 7) + -5
-9
Calculate (-5 + 2 - -7) + -7.
-3
Calculate 2 - 2 - 1 - (5 - 4).
-2
-14 + 5 + (22 - 9)
4
Evaluate 15 + -10 - 10 - -13.
8
Calculate -10 + 28 + -5 - 5.
8
What is 6 - 2 - (-3 - -6)?
1
What is 6 - (-8 - (5 - 8 - 21))?
-10
Calculate (-2 - 5) + 7 + (6 - 0).
6
What is 9 - ((1 - -4) + -1)?
5
2 + (-6 - 1) - (5 + -1)
-9
What is the value of -7 - (32 + -40 + (0 - -3))?
-2
Calculate -1 - (-2 + -7) - -1 - 1.
8
What is the value of 2 - (1 - 1 - (2 - -5))?
9
What is -10 + 1 + -1 + -6 + 12?
-4
What is the value of -4 - (-5 + 5 - 7)?
3
Evaluate (-4 - -3) + -2 + -4 + 5.
-2
(-4 - 0) + (-84 - -89)
1
Evaluate 6 + 10 + -17 - -2.
1
Calculate 11 - (-8 + 12) - 2.
5
What is the value of (-2 - -5) + 1 - 3?
1
(-5 - -5) + -2 + 0
-2
What is (-6 - (8 - 3)) + 12?
1
1 - (1 + (-1 - -1)) - 4
-4
What is -3 + -1 + (-5 + 12 - 6)?
-3
What is the value of (3 - -7 - 1) + (2 - 8)?
3
Evaluate (8 - 0) + -3 + 0.
5
(-6 - (-13 - -3)) + -7
-3
-14 + 10 - (-5 + -3 - 2)
6
-60 - -55 - (-10 + -1)
6
Evaluate -2 + 1 + 1 + (-8 - -3).
-5
What is the value of 1 + 2 + -2 + 4?
5
What is the value of 8 + -2 + -5 + -8?
-7
7 + -8 + (2 - 1) - 2
-2
(-3 + 7 - (0 + 0)) + -3
1
Evaluate 6 - -2 - (7 + -2).
3
(-2 - -5) + 5 + -8 + 4
4
Calculate 42 + -38 + (-3 - 1).
0
Evaluate -7 - (4 - -3 - (33 + -10)).
9
Evaluate 5 + (9 - (2 + 6)).
6
Evaluate -37 - -29 - (1 - 9).
0
What is the value of -5 + 9 + -2 + 3?
5
-4 + (-2 - 0) + 7
1
Evaluate -2 - 11 - (-1 - (2 + 1)).
-9
What is the value of -13 + (0 - -2) + 6?
-5
Calculate 0 - (-4 + -1 + 0 + 0).
5
What is -3 - -5 - -4 - 12?
-6
Evaluate 7 + -8 + 4 - (-1 - 1).
5
1 + (-5 - -1) + -1
-4
What is 7 + 0 + -9 + (3 - 2)?
-1
What is the value of (-1 + 3 - (1 + -2)) + -6?
-3
4 + (4 + -2 - (4 + 5))
-3
What is the value of 1 + 4 - (-11 - -17)?
-1
What is 3 + 2 + (-9 - -4 - -1)?
1
What is 1 + 7 + -4 + -6?
-2
What is the value of 0 + 2 + 2 + -3 - -3?
4
What is the value of -13 + 11 - (1 - 4) - 2?
-1
Calculate -1 + -7 + 0 + 15 - 3.
4
What is (-14 - -6) + (6 - 3 - 1)?
-6
What is the value of (9 - 3) + -4 + 3 + -5?
0
(9 - -1) + -3 - 2
5
3 - (7 - 5 - 2)
3
What is 3 - (-5 + 12 + -5 - 3)?
4
Evaluate (-6 - -13) + (2 - 5) + -3.
1
What is the value of (8 - 13 - -1) + (1 - -13)?
10
What is the value of -14 + 27 + -2 - 17?
-6
(4 - 8) + 4 + -3 + -3
-6
What is -7 - -14 - -3 - 0?
10
What is 1 + -4 + -4 + 5 - 5?
-7
What is (0 - 0) + 3 + -3 + -4?
-4
Evaluate -2 + 3 + (1 - -1 - 3).
0
What is 13 - (26 - (-5 - -11))?
-7
What is -3 + (1 - (-1 + 4)) + 3?
-2
What is (-1 - -2) + (2 - 6 - -2)?
-1
What is the value of 59 - 52 - (7 - -2)?
-2
What is the value of 9 + -19 - -16 - (-1 - -10)?
-3
Evaluate (10 - 15) + (-4 - (-4 + 2)).
-7
What is -8 + -2 + -1 + 3 + -2?
-10
Calculate (2 - -1) + 8 - (-3 + 8).
6
Evaluate 1 + -6 + (3 - 3).
-5
Evaluate -20 + (1 - -10) + 14.
5
What is 3 + 2 - (-3 + (7 - 3))?
4
Evaluate 3 + 7 + -14 + 5.
1
-1 + 9 + -14 - (-5 + -1)
0
What is the value of -2 - (-11 + 1) - 4?
4
3 + -3 + (4 - 5) + 0
-1
-9 - (-1 + -10 + 4)
-2
Evaluate 6 + 3 + -8 - 7.
-6
-8 + -2 + (9 - 5)
-6
Calculate -20 + 9 + 5 + (-3 - -13).
4
What is the value of 4 + (-10 - 2) + 10?
2
What is the value of (5 - -9) + -19 + 0?
-5
1 + -3 + (3 - 3) + 1
-1
What is 12 + -18 + 1 + (0 - -2)?
-3
What is the value of (-1 + 0 - 2) + 20 + -9?
8
Evaluate (5 - 2 - 0) + -1.
2
What is (-4 + 2 + 1 - 2) + 12?
9
Calculate 3 - (7 + (-4 - -2)).
-2
What is (1 + -7 - -11) + (-12 - -3)?
-4
What is -4 + (4 - 2) + 1?
-1
3 + (0 - -1) + 694 + -696
2
Calculate (12 - (5 - 1)) + -2 + 1.
7
0 + -1 + (18 - 18)
-1
What is 172 + -175 - (-2 - (2 + -4))?
-3
Evaluate (2 - (0 - 2)) + -6.
-2
Evaluate (-2 - 0) + (-7 + 7 - -7).
5
What is the value of 12 + -13 + 2 + -4 + -1?
-4
-4 - (-2 - (-6 + 3))
-5
What is -26 + 26 - (-1 + 1) - 0?
0
-7 - (0 - 7 - -7)
-7
What is the value of 7 + (-7 - (-2 - 4)) + 1?
7
9 + (-2 - -4 - 4) + -3
4
What is (2 - 6) + (3 - -2)?
1
What is the value of -2 - (-2 + -5 + 3 + 2)?
0
What is the value